se 9.
183
Convert -345 (base 7) to base 15.
-c0
-17 (base 8) to base 7
-21
-21 (base 8) to base 14
-13
What is -11 (base 5) in base 13?
-6
-242 (base 5) to base 7
-132
Convert 11 (base 10) to base 13.
b
What is 3 (base 8) in base 6?
3
11 (base 8) to base 11
9
-63 (base 10) to base 11
-58
Convert 49 (base 15) to base 13.
54
What is 15 (base 13) in base 2?
10010
10101100 (base 2) to base 5
1142
Convert -1001 (base 2) to base 13.
-9
What is 3 (base 10) in base 4?
3
Convert 7 (base 12) to base 2.
111
Convert -1221 (base 5) to base 16.
-ba
100001110 (base 2) to base 7
534
43 (base 6) to base 11
25
-105 (base 10) to base 15
-70
-3131 (base 4) to base 8
-335
-10 (base 7) to base 12
-7
65 (base 7) to base 13
38
-3 (base 6) to base 11
-3
Convert 27 (base 11) to base 5.
104
14 (base 7) to base 5
21
Convert 406 (base 7) to base 5.
1302
What is b (base 16) in base 2?
1011
59 (base 12) to base 13
54
What is a0 (base 16) in base 3?
12221
-71 (base 13) to base 4
-1130
0 (base 10) to base 15
0
Convert -121 (base 5) to base 16.
-24
Convert 10 (base 4) to base 10.
4
What is -11011 (base 3) in base 16?
-70
Convert 3 (base 15) to base 3.
10
What is 44 (base 5) in base 10?
24
What is 1011 (base 7) in base 10?
351
Convert 1 (base 3) to base 7.
1
-74 (base 8) to base 6
-140
What is -12 (base 15) in base 16?
-11
Convert 70 (base 8) to base 9.
62
What is 9 (base 14) in base 11?
9
1 (base 8) to base 5
1
-11200 (base 3) to base 5
-1001
What is -4 (base 8) in base 9?
-4
0 (base 3) to base 10
0
What is -1 (base 10) in base 13?
-1
-2 (base 8) to base 2
-10
-3 (base 13) to base 3
-10
Convert 1101010 (base 2) to base 14.
78
Convert -1012 (base 4) to base 12.
-5a
Convert 42 (base 13) to base 2.
110110
What is -110 (base 2) in base 15?
-6
-46 (base 9) to base 13
-33
4a (base 13) to base 11
57
2 (base 8) to base 5
2
-4 (base 9) to base 6
-4
What is -22 (base 4) in base 10?
-10
Convert 121 (base 9) to base 5.
400
Convert 48 (base 9) to base 4.
230
-2203 (base 4) to base 7
-322
-23 (base 11) to base 10
-25
Convert -2 (base 6) to base 2.
-10
11 (base 14) to base 2
1111
What is -111 (base 6) in base 3?
-1121
Convert 1 (base 11) to base 9.
1
What is 14 (base 16) in base 5?
40
What is 4 (base 14) in base 10?
4
Convert -343 (base 7) to base 6.
-454
Convert -162 (base 15) to base 10.
-317
Convert -14 (base 8) to base 14.
-c
4 (base 12) to base 11
4
36 (base 7) to base 2
11011
What is -3 (base 9) in base 4?
-3
Convert 3 (base 12) to base 15.
3
Convert -2 (base 15) to base 3.
-2
104 (base 9) to base 7
151
What is 3 (base 14) in base 13?
3
What is -6 (base 14) in base 13?
-6
1 (base 10) to base 16
1
What is -3 (base 8) in base 12?
-3
-145 (base 8) to base 15
-6b
c8 (base 16) to base 7
404
Convert -10 (base 7) to base 3.
-21
Convert 18 (base 10) to base 6.
30
-405 (base 6) to base 14
-a9
Convert -157 (base 9) to base 13.
-a3
5 (base 6) to base 7
5
What is -22 (base 3) in base 14?
-8
Convert -666 (base 7) to base 13.
-204
Convert -3 (base 8) to base 3.
-10
Convert -30 (base 13) to base 14.
-2b
What is 9a (base 12) in base 10?
118
Convert -146 (base 11) to base 7.
-333
What is 10100 (base 2) in base 9?
22
What is 200 (base 4) in base 3?
1012
What is 3 (base 15) in base 16?
3
Convert -2 (base 14) to base 2.
-10
Convert -3 (base 7) to base 10.
-3
What is 10 (base 2) in base 5?
2
What is 11 (base 2) in base 9?
3
What is 1d4 (base 14) in base 10?
382
What is 1110 (base 3) in base 5?
124
What is -7 (base 16) in base 6?
-11
Convert -4 (base 13) to base 10.
-4
Convert -4 (base 8) to base 14.
-4
-1 (base 16) to base 6
-1
1111000 (base 2) to base 4
1320
-11 (base 3) to base 15
-4
Convert 57 (base 12) to base 8.
103
Convert 4 (base 10) to base 16.
4
What is b (base 16) in base 9?
12
2133 (base 4) to base 16
9f
Convert -10 (base 4) to base 2.
-100
What is 21 (base 7) in base 10?
15
5 (base 9) to base 4
11
What is 101 (base 3) in base 8?
12
Convert -4 (base 6) to base 8.
-4
What is -1 (base 3) in base 7?
-1
Convert 1 (base 6) to base 7.
1
51 (base 10) to base 16
33
Convert 68 (base 9) to base 15.
42
Convert 9 (base 11) to base 8.
11
5 (base 16) to base 7
5
100 (base 7) to base 4
301
What is -3 (base 13) in base 8?
-3
What is 119 (base 11) in base 7?
261
Convert -3 (base 14) to base 6.
-3
What is -6 (base 14) in base 16?
-6
-8 (base 11) to base 14
-8
What is -1 (base 3) in base 14?
-1
-7 (base 10) to base 5
-12
5 (base 8) to base 13
5
213 (base 5) to base 2
111010
-47 (base 8) to base 2
-100111
Convert 4 (base 16) to base 3.
11
146 (base 8) to base 5
402
Convert 21 (base 3) to base 10.
7
2 (base 11) to base 6
2
2 (base 14) to base 8
2
What is -10001101 (base 2) in base 10?
-141
What is -3 (base 6) in base 13?
-3
Convert 8a (base 15) to base 8.
202
What is 0 (base 13) in base 16?
0
Convert -79 (base 15) to base 5.
-424
What is 103 (base 5) in base 13?
22
What is 0 (base 6) in base 11?
0
What is -332 (base 5) in base 10?
-92
157 (base 12) to base 10
211
Convert a (base 14) to base 10.
10
5b (base 13) to base 3
2211
Convert 4 (base 6) to base 13.
4
-210 (base 3) to base 14
-17
Convert 5 (base 12) to base 3.
12
-b8 (base 15) to base 11
-148
Convert -a (base 12) to base 10.
-10
Convert -3 (base 5) to base 3.
-10
Convert 3 (base 6) to base 13.
3
-2 (base 7) to base 8
-2
Convert -221 (base 3) to base 14.
-1b
What is 0 (base 16) in base 4?
0
8 (base 10) to base 3
22
121 (base 6) to base 9
54
4 (base 6) to base 16
4
What is -28 (base 15) in base 10?
-38
What is 4 (base 5) in base 9?
4
Convert 1 (base 4) to base 16.
1
Convert 2210 (base 4) to base 5.
1124
What is -10 (base 5) in base 16?
-5
What is -42 (base 5) in base 15?
-17
Convert -131 (base 8) to base 6.
-225
What is -1230 (base 4) in base 13?
-84
1 (base 9) to base 15
1
Convert -55 (base 6) to base 10.
-35
What is 1 (base 10) in base 16?
1
53 (base 7) to base 10
38
-a (base 16) to base 4
-22
11 (base 12) to base 9
14
16 (base 16) to base 8
26
Convert -4 (base 15) to base 14.
-4
-26 (base 10) to base 3
-222
2 (base 11) to base 16
2
Convert -2 (base 7) to base 5.
-2
What is -17 (base 9) in base 13?
-13
Convert -290 (base 10) to base 6.
-1202
What is -42 (base 7) in base 5?
-110
Convert -8 (base 16) to base 9.
-8
What is -8 (base 9) in base 16?
-8
What is 12 (base 3) in base 14?
5
What is -35 (base 10) in base 12?
-2b
What is -20 (base 3) in base 12?
-6
-4 (base 8) to base 16
-4
Convert -5 (base 15) to base 7.
-5
What is 4b (base 12) in base 5?
214
Convert 0 (base 13) to base 8.
0
Convert 2 (base 3) to base 8.
2
Convert -14 (base 10) to base 8.
-16
What is 51 (base 14) in base 8?
107
50 (base 9) to base 2
101101
124 (base 5) to base 15
29
73 (base 10) to base 5
243
Convert 51 (base 10) to base 8.
63
What is -2 (base 11) in base 9?
-2
92 (base 12) to base 13
86
Convert -1 (base 3) to base 8.
-1
Convert 40 (base 6) to base 13.
1b
Convert 6 (base 11) to base 6.
10
Convert -120 (base 6) to base 14.
-36
Convert -b (base 15) to base 11.
-10
Convert -6 (base 14) to base 16.
-6
What is 3 (base 12) in base 4?
3
What is b (base 15) in base 11?
10
What is 20 (base 5) in base 15?
a
What is -4 (base 16) in base 4?
-10
1 (base 13) to base 8
1
Convert -26 (base 8) to base 11.
-20
What is 1011100 (base 2) in base 15?
62
3 (base 10) to base 6
3
-22 (base 8) to base 12
-16
57 (base 14) to base 13
5c
Convert 4 (base 9) to base 10.
4
0 (base 9) to base 2
0
Convert 100010 (base 2) to base 8.
42
Convert 2 (base 9) to base 7.
2
What is -2 (base 16) in base 13?
-2
11 (base 6) to base 3
21
What is -12 (base 7) in base 16?
-9
-12 (base 13) to base 9
-16
-5 (base 8) to base 16
-5
Convert -19 (base 10) to base 13.
-16
22 (base 4) to base 15
a
-21 (base 11) to base 7
-32
-6 (base 7) to base 11
-6
0 (base 16) to base 4
0
Convert -102 (base 4) to base 13.
-15
Convert 0 (base 2) to base 3.
0
What is 70 (base 14) in base 7?
200
Convert 9 (base 12) to base 4.
21
What is 13 (base 9) in base 10?
12
Convert -29 (base 14) to base 9.
-41
-3 (base 7) to base 4
-3
Convert -12 (base 10) to base 8.
-14
-3d (base 15) to base 4
-322
Convert -11001001 (base 2) to base 16.
-c9
-102 (base 11) to base 13
-96
-1 (base 12) to base 16
-1
80 (base 15) to base 16
78
Convert 111 (base 2) to base 8.
7
-20 (base 5) to base 8
-12
-12331 (base 4) to base 5
-3240
90 (base 10) to base 11
82
What is 99 (base 14) in b